tor of 37466 and 1404.
26
What is the highest common factor of 378 and 98?
14
What is the highest common divisor of 14352 and 7872?
48
Calculate the highest common factor of 2080 and 81968.
16
What is the highest common divisor of 211267 and 49?
7
Calculate the highest common divisor of 111900 and 1300.
100
Calculate the greatest common factor of 132902 and 198.
22
Calculate the greatest common factor of 1266512 and 182.
26
What is the greatest common factor of 90337 and 299?
13
Calculate the greatest common factor of 58 and 63307.
29
Calculate the greatest common divisor of 4785 and 5115.
165
Calculate the highest common factor of 225 and 88100.
25
Calculate the greatest common factor of 13972 and 476.
28
What is the highest common divisor of 32 and 3162296?
8
Calculate the greatest common factor of 51 and 303093.
51
What is the greatest common divisor of 51969 and 102?
51
Calculate the greatest common divisor of 123 and 328697.
41
Calculate the greatest common factor of 916 and 510212.
916
Calculate the greatest common divisor of 316 and 112654.
158
Calculate the greatest common divisor of 324 and 63423.
81
What is the greatest common factor of 448 and 704?
64
What is the highest common factor of 31 and 1029293?
31
What is the greatest common factor of 12336 and 192?
48
What is the greatest common factor of 59 and 2211379?
59
Calculate the highest common factor of 11620 and 8870.
10
What is the greatest common divisor of 68 and 6240326?
34
Calculate the highest common factor of 3288 and 936669.
411
Calculate the greatest common factor of 2747 and 1189.
41
Calculate the greatest common factor of 377439 and 12.
3
Calculate the greatest common factor of 163700 and 450.
50
What is the highest common divisor of 58216 and 63578?
766
What is the greatest common factor of 5733 and 159?
3
What is the greatest common factor of 28103 and 179?
179
Calculate the highest common divisor of 2394 and 322392.
798
Calculate the highest common factor of 28 and 21656.
4
Calculate the highest common factor of 969 and 408.
51
Calculate the highest common divisor of 1560 and 14885.
65
Calculate the greatest common factor of 3688 and 616.
8
Calculate the highest common factor of 2196 and 576.
36
Calculate the greatest common divisor of 15960 and 40845.
105
What is the highest common divisor of 313200 and 675?
675
What is the greatest common factor of 2326870 and 728?
182
What is the highest common divisor of 471647 and 3498?
583
What is the greatest common factor of 404365 and 520?
65
Calculate the greatest common factor of 1 and 17657.
1
Calculate the greatest common factor of 3257023 and 77.
77
Calculate the highest common divisor of 202 and 87466.
202
Calculate the greatest common divisor of 52 and 1492.
4
What is the greatest common divisor of 18315 and 4950?
495
What is the highest common divisor of 70 and 385705?
5
Calculate the greatest common divisor of 1647 and 243.
27
Calculate the highest common factor of 537915 and 47.
47
Calculate the greatest common factor of 4878 and 210838.
542
Calculate the highest common factor of 127354 and 1850.
74
Calculate the greatest common divisor of 35 and 266245.
35
Calculate the greatest common factor of 3109289 and 219.
73
What is the highest common factor of 695 and 1775?
5
What is the greatest common factor of 16 and 165712?
16
Calculate the greatest common divisor of 8801 and 39.
13
Calculate the highest common factor of 7224 and 96.
24
Calculate the highest common divisor of 235 and 795.
5
What is the greatest common divisor of 215975 and 225?
25
Calculate the greatest common divisor of 741391 and 7.
7
Calculate the greatest common factor of 740 and 70100.
20
Calculate the highest common factor of 162240 and 285.
15
What is the greatest common divisor of 911743 and 3381?
1127
Calculate the highest common factor of 6 and 80349.
3
What is the greatest common divisor of 14 and 10409?
7
What is the highest common divisor of 6 and 3050?
2
Calculate the highest common divisor of 1214 and 3388274.
1214
What is the greatest common factor of 89986 and 130?
26
Calculate the greatest common factor of 72 and 143.
1
What is the highest common divisor of 40 and 128140?
20
What is the highest common factor of 9784 and 10424?
8
What is the greatest common factor of 40929 and 189?
21
What is the highest common factor of 231 and 114081?
33
Calculate the highest common divisor of 2060 and 2105.
5
Calculate the greatest common divisor of 27 and 2529.
9
Calculate the greatest common divisor of 207807 and 21.
3
What is the greatest common factor of 1390308 and 24?
12
Calculate the highest common divisor of 2536 and 20.
4
Calculate the highest common factor of 66 and 37686.
66
Calculate the highest common divisor of 104 and 7033.
13
What is the highest common factor of 243 and 2133?
27
Calculate the highest common divisor of 236 and 13660.
4
What is the highest common factor of 15 and 309?
3
What is the highest common factor of 240475 and 25?
25
Calculate the greatest common divisor of 1542 and 12.
6
What is the greatest common factor of 50 and 882725?
25
Calculate the highest common factor of 25 and 540325.
25
What is the greatest common factor of 2000 and 370800?
400
What is the greatest common divisor of 3542 and 8096?
506
What is the greatest common factor of 379943 and 19?
19
Calculate the highest common factor of 8 and 2618544.
8
Calculate the greatest common divisor of 11926 and 268.
134
What is the highest common factor of 28293 and 111?
3
What is the highest common divisor of 149150 and 19000?
950
Calculate the highest common divisor of 260257 and 821.
821
What is the highest common factor of 2640 and 34914?
66
What is the highest common factor of 61470 and 27?
9
Calculate the greatest common factor of 40 and 3519590.
10
What is the highest common divisor of 147729 and 138?
69
What is the highest common factor of 401 and 2475373?
401
What is the highest common divisor of 249090 and 1425?
285
What is the greatest common divisor of 103240 and 58?
58
Calculate the greatest common factor of 18654 and 42.
6
What is the highest common factor of 23 and 134757?
23
Calculate the highest common divisor of 5678 and 2006.
34
What is the greatest common divisor of 77910 and 1166?
106
Calculate the highest common factor of 98176 and 236.
236
What is the highest common factor of 8441357 and 233?
233
Calculate the highest common factor of 187 and 3502.
17
What is the highest common factor of 8 and 22604?
4
Calculate the highest common factor of 63088 and 40.
8
Calculate the greatest common factor of 750 and 69250.
250
What is the greatest common factor of 10446 and 192?
6
Calculate the highest common divisor of 18630 and 44160.
690
Calculate the greatest common factor of 1271 and 2214.
41
What is the greatest common factor of 4892 and 140?
4
What is the greatest common divisor of 234 and 1341?
9
Calculate the greatest common divisor of 1948 and 3676.
4
Calculate the greatest common factor of 902 and 1270467.
451
Calculate the highest common factor of 1443 and 23049.
39
Calculate the highest common factor of 1862 and 51450.
98
What is the greatest common factor of 96696 and 952?
136
What is the greatest common divisor of 14118 and 52?
26
What is the greatest common factor of 60270 and 49200?
1230
What is the highest common divisor of 200 and 21650?
50
What is the greatest common factor of 1357 and 6233?
23
Calculate the greatest common divisor of 3870 and 61605.
45
Calculate the highest common factor of 8164 and 4316.
52
What is the highest common factor of 552 and 936?
24
What is the greatest common factor of 12453 and 21?
21
What is the greatest common factor of 58351 and 2967?
989
Calculate the greatest common divisor of 42 and 29162.
14
What is the greatest common divisor of 377 and 7888?
29
What is the greatest common divisor of 10783925 and 25?
25
Calculate the greatest common factor of 135 and 3429.
27
Calculate the highest common divisor of 320 and 22336.
64
What is the greatest common divisor of 80 and 354520?
40
Calculate the highest common factor of 13504 and 192.
64
What is the greatest common divisor of 54 and 51552?
18
Calculate the highest common divisor of 69012 and 3408.
852
What is the highest common divisor of 24 and 39912?